6/(-4). Let k = 2 + x. Let o = 26 + k. What is the units digit of o?
2
Suppose -d = -5*v + 32 - 1, -4*d = -3*v + 22. Suppose 0 = 2*o - o - v. What is the units digit of o?
6
Suppose -127 = -5*l + 2*l - 2*m, -l = -4*m - 47. Let t = l + -22. What is the units digit of t?
1
Suppose 5*c - 17 = -k, 0 = 3*c + k - 13 + 2. What is the units digit of -2 + (-5)/((-5)/c)?
1
Let o(b) = -b**3 + 5*b**2 - 4*b + 6. Let f(a) be the third derivative of -a**4/8 + a**3/6 + 2*a**2. Let l be f(-1). What is the units digit of o(l)?
6
Let t = -1 - -4. Suppose 0 = -3*s, 5*f - 75 = -t*s + 5*s. Let m = f - 6. What is the units digit of m?
9
Let u be -1 - 0 - (-2 + 1). Suppose u = -4*v - 3*z + 13, 4*v - 14 = -0*z - 2*z. What is the units digit of v?
4
Let i be (8/3)/(2/(-6)). Let v = i - -18. What is the units digit of v?
0
Let m be (3 - (2 - -1))/1. Suppose -3*d + 4*d = m. Suppose -z + 0*z + 4 = d. What is the units digit of z?
4
Let l be (-12)/9*(-4 + 1). Suppose 2*o + q - 48 = 0, -2*o - l*q + 26 = -34. What is the tens digit of o?
2
Let f be (-32)/14 + 2/7. Let j be f/9 + (-130)/(-18). Suppose 3*p - j = -u, -u + 14 = p - 3*u. What is the units digit of p?
4
Let d(u) = 3*u**2 + 2*u + 9. Let b(s) = 4*s**2 + s + 10. Let q(a) = 4*b(a) - 5*d(a). What is the tens digit of q(-4)?
3
Suppose 668 = -12*i + 16*i. What is the units digit of i?
7
Let x be (-3 - 5)/((-1)/8). Suppose -y + j + x = y, -5*j = 20. Suppose 2*f - 4*r = y, 5*r = 5*f - 57 - 8. What is the units digit of f?
1
Let d be ((-66)/8)/(1/(-4)). Let u = -22 + d. What is the units digit of u?
1
Suppose u + 12 = 5*u. Suppose -2*i - u*m = -30, -3*i + 3*m + 42 = i. What is the units digit of i?
2
Let c = -4 - -7. Suppose -5*h - 4*g = -c*h + 2, 2*g = -2*h + 2. What is the units digit of h?
3
Suppose u = 3*a + 5, 5*a = -4*u + 1 - 15. What is the tens digit of 1 + -2 + (-21)/u?
2
Suppose 0 = -0*x + 2*x. Let p = 3 - 3. Suppose 5*u + p*u - 85 = x. What is the tens digit of u?
1
Let h(m) be the third derivative of -3/40*m**6 + 0*m + 1/24*m**4 + 0 + 2*m**2 - 1/60*m**5 + 1/6*m**3. What is the units digit of h(-1)?
8
What is the units digit of 3*(-5 - (-138)/9)?
1
Let y(o) = -o**3 + 9*o**2 + 12*o - 6. Let x be y(10). Suppose 2*f - f = x. What is the units digit of f?
4
Let d(t) = t + 5. Let j be d(-5). Let r be (j/(-1))/(-2 - -1). Suppose r*h + 24 = 3*h. What is the units digit of h?
8
Let a(f) = f**3 - 22*f**2 + 2*f + 61. What is the hundreds digit of a(22)?
1
Suppose 5*l - 11 = -s, -2*l + l - 9 = 3*s. What is the units digit of 10/(-15) - (-14)/l?
4
Suppose v - 4 = -5*t, -t - 2 = 5*v + 2*t. Let q = -5 + 11. Let w = v + q. What is the units digit of w?
5
Let h(s) = -s**3 - 7*s**2 - 8*s - 7. Let j be h(-6). Suppose -j*l + 2*l + 48 = 0. Suppose 0 = -b + 2*b - l. What is the units digit of b?
6
What is the units digit of (1 - 20/8)*(-328)/6?
2
Let v(b) = -b + 0 + 4*b**3 + 2*b**2 + 1 - 2*b**3. What is the tens digit of v(2)?
2
Let h(c) be the second derivative of -c**5/20 - 2*c**4/3 - c**3 + 4*c**2 - 3*c. What is the units digit of h(-7)?
1
Let j be (9/(-5))/(1/(-5)). Suppose -3*h + 6*h = j. What is the units digit of h?
3
Let n(j) = j**3 - 3*j**2 + 5*j. Let o be n(5). Suppose 5*t + 5*f - o = 0, -3*f + 0*f = 3. What is the tens digit of t?
1
Suppose 0 = 3*j + 5 + 13. Let v(h) = -h**3 - 5*h**2 + 4*h - 7. Let m be v(j). Suppose -4*r - 25 = -5*r - 4*i, -10 = -m*r + 3*i. What is the units digit of r?
5
Let k be 2*2/4 + -3. Let l = -1 - k. What is the units digit of l?
1
Let z(j) be the second derivative of -3*j**5/20 - j**4/6 - j**3/6 + j**2 + 28*j. Let g be ((-2)/3)/((-1)/(-3)). What is the tens digit of z(g)?
2
What is the units digit of (5 - (-24)/(-6))/(2/734)?
7
Let s = 20 + -19. Suppose 115 - s = 3*f. What is the units digit of f?
8
Suppose -j - 2*q - 3*q = 13, 5*j + 152 = 4*q. Let t = j + 42. What is the units digit of t?
4
Let b(d) be the third derivative of -d**4/24 + d**3/2 + 2*d**2. Let s be 8/(-10)*(6 - 1). What is the units digit of b(s)?
7
Let z = -3 + 8. Suppose 2*w = 2*j, 4 = -j - 2*w + z*w. What is the units digit of j?
2
Suppose 2*r - 4*i = 5*r + 14, -5*r - 4 = -3*i. Let l(f) = 6*f**2 + 2*f - 1. What is the units digit of l(r)?
9
Suppose -1 = 4*r - 5. Suppose r = -2*x + 9. Suppose 0*p - 8 = x*p, 3*p + 36 = 2*m. What is the units digit of m?
5
Let o(b) = -2*b - 12. Let f be o(-5). Let q = f - -9. What is the units digit of q?
7
Let f be (1/(-1))/(1/14). Let n = f - -49. What is the units digit of 46/14 + (-10)/n?
3
Suppose 0 = 3*d - 6. Suppose -3*k = -d*o - 59 - 116, 3*o - 298 = -5*k. Suppose 5*p = 3*h - k + 19, 80 = 3*h + 5*p. What is the tens digit of h?
2
Let m = 29 + 17. What is the units digit of m?
6
Let u be (-3)/(-1)*5/3. Let i(d) = d**3 - 4*d**2 + d - 7. Let c be i(u). What is the units digit of 6/24 - c/(-4)?
6
Suppose 0 = -7*f + 3*f + 36. What is the units digit of f?
9
Suppose 2*a - 2*o = -5*o + 3, 0 = 4*a + 3*o + 3. Let u be (a/(-2))/((-3)/6). Let d = 8 + u. What is the units digit of d?
5
Let l(y) = 3*y**2 + 3*y + 1. What is the units digit of l(2)?
9
Let d(m) = m**3 + 10*m**2 + m + 13. Let v be (-10)/45 + 176/(-18). Let q be (-2)/(-5) - (-104)/v. What is the units digit of d(q)?
3
Let z = 6 - 8. Let h = 24 + -14. Let v = z + h. What is the units digit of v?
8
Let k be 8 - (-2 + (3 - 1)). Suppose 4*y + k + 0 = 0. What is the units digit of y/(0 - -2) - -6?
5
Suppose -3*s = s - 3*g - 1004, 996 = 4*s - 5*g. What is the units digit of s?
4
What is the units digit of 9/(-12) - 470/(-8)?
8
Let m(k) = 2*k + 31. What is the units digit of m(10)?
1
Suppose -4*k + 732 = -5*o + o, 4*o = 2*k - 368. What is the tens digit of k?
8
Suppose 2*g = 6*g - 136. What is the units digit of g?
4
Let w(j) = -j**2 + 16*j + 15. What is the tens digit of w(8)?
7
Suppose -r + x + x = -39, 3*r + 3*x = 126. What is the tens digit of r?
4
Let l be 2/4 + (-5)/(-2). Suppose -3 = -d - 4, 13 = 2*j + l*d. What is the units digit of j?
8
Let s = -5 - -12. Let r = 12 - s. Suppose -r*a + 64 - 4 = 0. What is the tens digit of a?
1
Suppose -13 - 6 = -d. What is the units digit of d?
9
Let o = 39 + 32. Suppose 0*j - 27 = -f - 5*j, 0 = 3*f + 5*j - o. Suppose -4*h - 5*u = -f, 4 = -u + 2. What is the units digit of h?
8
Suppose 2*s + 3*s - 46 = -3*f, 2*s - 32 = -2*f. What is the tens digit of f?
1
What is the units digit of (8/32*-2)/(2/(-92))?
3
Let w(l) = -l + 6. Let r be (-1)/4 + 1/4. Suppose 2*t + 28 = -3*j + 3*t, r = 4*j - 5*t + 41. What is the units digit of w(j)?
5
Let i be -1 + 3 + (0 - 2). Let u be (3 - i)/((-15)/(-10)). Suppose f + 0 = u. What is the units digit of f?
2
Suppose -m - 20 = -4*v, -3*v + 4*m = -0*v - 28. What is the tens digit of (38/(-6))/(v/(-12))?
1
Suppose -p + 30 = v, -3*v + 0*p - p = -94. What is the tens digit of v?
3
Let x = 56 + -40. Suppose k = -6 + x. What is the units digit of k?
0
Suppose -44 = -s - s. What is the tens digit of s?
2
Let z(w) = -w**3 - 4*w**2 + 7*w + 1. Let v be z(-5). Let o(f) = -5*f - 11. What is the tens digit of o(v)?
3
Let x(s) = s**2 + 5*s - 7. Let q be x(-7). Suppose 1 = u - q. What is the units digit of u?
8
Suppose 0 = -4*s + 18 - 2. Suppose 8*r - s = 7*r. What is the units digit of r?
4
Let l(w) = -w**2 + 20*w - 23. What is the units digit of l(16)?
1
Suppose f - 3*f - k = -42, -4*f + 2*k + 92 = 0. What is the units digit of f?
2
Suppose -27 + 162 = 5*f. What is the tens digit of f?
2
Suppose 3*s - 8*s + 80 = 0. Let o be (s/(-5))/((-3)/15). Let f = o + -8. What is the units digit of f?
8
Suppose 2*l + l + 12 = 0. Let t(z) = -2*z - 9. Let c be t(-9). Let m = l + c. What is the units digit of m?
5
Suppose 4*a + 51 = n + 3, 0 = n + 3*a - 69. What is the tens digit of n?
6
Let m(d) be the first derivative of -d**4/4 - 5*d**3/3 - 1. Let u be m(-5). Suppose -4*x + 4 + 4 = u. What is the units digit of x?
2
Let a(o) = o**3 + 10*o**2 - 13*o - 13. Suppose 2*f = -3 + 91. Suppose f = -4*j + 3*m, -2*j + 0*j = 4*m + 22. What is the units digit of a(j)?
9
Suppose 0*y + 3*q = 5*y, 0 = -5*y + 4*q - 5. Suppose 4*f = 1 + y. What is the units digit of (-2 - f)/(-6)*18?
9
What is the units digit of (-32)/20*105/(-6)?
8
What is the tens digit of 186 + -1 - -2*3/2?
8
Suppose -4*p = -13*p + 549. What is the tens digit of p?
6
Let y = 11 + -13. What is the units digit of (y/3)/(3/(-54))?
2
Let b = 25 + -12